it of 4106886406?
6
What is the millions digit of 3293925150?
3
What is the hundred thousands digit of 1053673530?
6
What is the billions digit of 5014228056?
5
What is the units digit of 41728709?
9
What is the hundred thousands digit of 53393145?
3
What is the thousands digit of 3400352713?
2
What is the hundred millions digit of 624064594?
6
What is the hundred thousands digit of 83863674?
8
What is the units digit of 48724241?
1
What is the thousands digit of 43573135?
3
What is the hundreds digit of 6274978317?
3
What is the tens digit of 4073210425?
2
What is the billions digit of 1328064353?
1
What is the ten thousands digit of 10731143?
3
What is the thousands digit of 4441085313?
5
What is the ten thousands digit of 6781547?
8
What is the hundred millions digit of 228999466?
2
What is the hundreds digit of 101307220?
2
What is the millions digit of 469436805?
9
What is the tens digit of 58299580?
8
What is the thousands digit of 14848143?
8
What is the units digit of 75815364?
4
What is the hundred thousands digit of 6177042166?
0
What is the ten millions digit of 2077138315?
7
What is the hundreds digit of 29389104?
1
What is the hundred thousands digit of 125414184?
4
What is the millions digit of 1532995789?
2
What is the units digit of 22192976?
6
What is the ten thousands digit of 1590295538?
9
What is the units digit of 28015301?
1
What is the ten thousands digit of 91565034?
6
What is the hundred thousands digit of 53077803?
0
What is the tens digit of 56897277?
7
What is the tens digit of 212689754?
5
What is the units digit of 43665601?
1
What is the hundred thousands digit of 614300891?
3
What is the hundred thousands digit of 295580749?
5
What is the ten millions digit of 1343741715?
4
What is the hundreds digit of 5721763989?
9
What is the thousands digit of 12669974?
9
What is the millions digit of 158128463?
8
What is the hundred millions digit of 657548606?
6
What is the ten millions digit of 37362876?
3
What is the tens digit of 2169434467?
6
What is the tens digit of 138107891?
9
What is the hundred millions digit of 1038825606?
0
What is the ten millions digit of 555857544?
5
What is the hundred thousands digit of 77338768?
3
What is the tens digit of 1416848006?
0
What is the units digit of 64510382?
2
What is the tens digit of 3405319110?
1
What is the thousands digit of 322476727?
6
What is the tens digit of 31727782?
8
What is the hundred thousands digit of 1000828300?
8
What is the units digit of 3232609930?
0
What is the millions digit of 102853892?
2
What is the hundreds digit of 45482100?
1
What is the hundreds digit of 51228301?
3
What is the ten millions digit of 3088219895?
8
What is the millions digit of 876706382?
6
What is the units digit of 32291854?
4
What is the units digit of 132127556?
6
What is the billions digit of 1730887318?
1
What is the ten millions digit of 89036136?
8
What is the units digit of 2107796749?
9
What is the units digit of 61798487?
7
What is the tens digit of 4523483791?
9
What is the thousands digit of 865036?
5
What is the millions digit of 11891119?
1
What is the units digit of 582255342?
2
What is the ten thousands digit of 122248711?
4
What is the ten thousands digit of 41833197?
3
What is the units digit of 874368795?
5
What is the millions digit of 732654634?
2
What is the millions digit of 147355100?
7
What is the thousands digit of 52379104?
9
What is the ten thousands digit of 93669504?
6
What is the thousands digit of 77165869?
5
What is the hundred millions digit of 1841291724?
8
What is the hundreds digit of 247553070?
0
What is the units digit of 4987123201?
1
What is the ten millions digit of 990950457?
9
What is the ten thousands digit of 29551994?
5
What is the hundred thousands digit of 975962554?
9
What is the tens digit of 415335992?
9
What is the hundred millions digit of 282388993?
2
What is the hundred thousands digit of 237419870?
4
What is the tens digit of 82275972?
7
What is the millions digit of 56376599?
6
What is the tens digit of 510791866?
6
What is the ten thousands digit of 97708120?
0
What is the thousands digit of 925312?
5
What is the units digit of 273812010?
0
What is the tens digit of 79372050?
5
What is the millions digit of 93719001?
3
What is the hundred thousands digit of 120682548?
6
What is the thousands digit of 238230215?
0
What is the hundred thousands digit of 4419546364?
5
What is the tens digit of 81111457?
5
What is the ten thousands digit of 862328011?
2
What is the units digit of 30406163?
3
What is the ten thousands digit of 156423046?
2
What is the tens digit of 642242638?
3
What is the millions digit of 2662986?
2
What is the ten thousands digit of 71203452?
0
What is the ten thousands digit of 79463748?
6
What is the units digit of 1107409494?
4
What is the millions digit of 4809919622?
9
What is the ten millions digit of 41380995?
4
What is the tens digit of 108834175?
7
What is the hundreds digit of 955502420?
4
What is the millions digit of 286886824?
6
What is the thousands digit of 4361641963?
1
What is the units digit of 212530155?
5
What is the ten thousands digit of 115882072?
8
What is the hundreds digit of 33280300?
3
What is the ten thousands digit of 67727601?
2
What is the millions digit of 94360021?
4
What is the hundreds digit of 4922198824?
8
What is the hundreds digit of 64365548?
5
What is the hundreds digit of 727037649?
6
What is the billions digit of 4272859757?
4
What is the tens digit of 59664006?
0
What is the thousands digit of 891391311?
1
What is the billions digit of 7776551678?
7
What is the ten thousands digit of 3719970036?
7
What is the hundred thousands digit of 813731182?
7
What is the units digit of 20611791?
1
What is the thousands digit of 117160815?
0
What is the ten millions digit of 1820356306?
2
What is the ten thousands digit of 90629747?
2
What is the billions digit of 1809671597?
1
What is the hundred thousands digit of 1587479059?
4
What is the ten thousands digit of 1082584866?
8
What is the tens digit of 248032147?
4
What is the units digit of 134399519?
9
What is the ten millions digit of 240656467?
4
What is the ten millions digit of 38247207?
3
What is the ten millions digit of 77063282?
7
What is the ten millions digit of 353885403?
5
What is the hundred thousands digit of 2733164881?
1
What is the ten thousands digit of 576172743?
7
What is the tens digit of 2439765871?
7
What is the millions digit of 71169560?
1
What is the tens digit of 2877688435?
3
What is the ten thousands digit of 187035107?
3
What is the hundred millions digit of 385011473?
3
What is the tens digit of 1087410931?
3
What is the ten thousands digit of 509214561?
1
What is the hundred thousands digit of 2045009127?
0
What is the thousands digit of 411869013?
9
What is the tens digit of 1072805352?
5
What is the units digit of 3911041485?
5
What is the units digit of 14770054?
4
What is the ten millions digit of 228619469?
2
What is the hundred thousands digit of 6665790?
6
What is the hundreds digit of 273697560?
5
What is the ten millions digit of 47117537?
4
What is the hundreds digit of 817927363?
3
What is the hundreds digit of 53486162?
1
What is the millions digit of 71441553?
1
What is the hundreds digit of 30165061?
0
What is the billions digit of 4354800739?
4
What is the millions digit of 191905751?
1
What is the hundred thousands digit of 51844170?
8
What is the ten millions digit of 786329289?
8
What is the units digit of 110637551?
1
What is the ten millions digit of 3944042369?
4
What is the ten millions digit of 177498907?
7
What is the ten millions digit of 39652957?
3
What is the hundred thousands digit of 138183611?
1
What is the hundred thousands digit of 193803257?
8
What is the hundred millions digit of 5410667843?
4
What is the units digit of 18869173?
3
What is the units digit of 287989171?
1
What is the tens digit of 525194307?
0
What is the hundreds digit of 203562632?
6
What is the hundred thousands digit of 8189487474?
4
What is the millions digit of 1471951633?
1
What is the tens digit of 1391163419?
1
What is the units digit of 948755929?
9
What is the ten thousands digit of 407156685?
5
What is the units digit of 91810478?
8
What is the tens digit of 7048801071?
7